310628198?
1
What is the thousands digit of 325274974?
4
What is the tens digit of 22346142?
4
What is the millions digit of 354550154?
4
What is the ten millions digit of 818845261?
1
What is the ten thousands digit of 68368617?
6
What is the hundreds digit of 2383412?
4
What is the hundred thousands digit of 8215664?
2
What is the tens digit of 456398398?
9
What is the hundreds digit of 349866835?
8
What is the hundreds digit of 25658887?
8
What is the hundreds digit of 25188680?
6
What is the tens digit of 2109803?
0
What is the units digit of 806533543?
3
What is the hundred millions digit of 353152569?
3
What is the ten thousands digit of 3458663346?
6
What is the hundred thousands digit of 126946827?
9
What is the hundred thousands digit of 2812170752?
1
What is the hundred millions digit of 673770551?
6
What is the hundred millions digit of 484592336?
4
What is the billions digit of 1351081232?
1
What is the units digit of 67663751?
1
What is the units digit of 89111037?
7
What is the millions digit of 82038823?
2
What is the tens digit of 127573483?
8
What is the units digit of 926440718?
8
What is the units digit of 649915516?
6
What is the hundreds digit of 4916325?
3
What is the tens digit of 464717642?
4
What is the units digit of 64117527?
7
What is the millions digit of 68564197?
8
What is the hundreds digit of 3862048504?
5
What is the units digit of 1072369896?
6
What is the tens digit of 145874564?
6
What is the millions digit of 8471437?
8
What is the thousands digit of 355102337?
2
What is the ten millions digit of 28284388?
2
What is the hundred thousands digit of 321988431?
9
What is the thousands digit of 1297642754?
2
What is the hundreds digit of 34750010?
0
What is the hundreds digit of 280641900?
9
What is the millions digit of 66089235?
6
What is the hundreds digit of 440576072?
0
What is the units digit of 225896659?
9
What is the units digit of 66921469?
9
What is the ten thousands digit of 1252575851?
7
What is the hundreds digit of 52842747?
7
What is the thousands digit of 521979024?
9
What is the ten millions digit of 383481547?
8
What is the tens digit of 128201689?
8
What is the hundreds digit of 1829198440?
4
What is the units digit of 3333498731?
1
What is the tens digit of 30813751?
5
What is the millions digit of 392486436?
2
What is the tens digit of 134664899?
9
What is the hundreds digit of 596632933?
9
What is the ten millions digit of 986366641?
8
What is the billions digit of 2682839830?
2
What is the units digit of 122909714?
4
What is the tens digit of 52412401?
0
What is the thousands digit of 658884722?
4
What is the billions digit of 1060934196?
1
What is the ten millions digit of 18112383?
1
What is the millions digit of 201994134?
1
What is the tens digit of 238382759?
5
What is the hundreds digit of 861182242?
2
What is the millions digit of 295526393?
5
What is the thousands digit of 2713199776?
9
What is the hundred thousands digit of 1038620393?
6
What is the thousands digit of 76223316?
3
What is the hundreds digit of 238945900?
9
What is the tens digit of 332027850?
5
What is the hundred thousands digit of 294141985?
1
What is the units digit of 230449014?
4
What is the units digit of 1529831440?
0
What is the ten thousands digit of 193744715?
4
What is the millions digit of 15507342?
5
What is the hundred thousands digit of 2468355200?
3
What is the thousands digit of 5774358?
4
What is the millions digit of 992121223?
2
What is the ten millions digit of 3675126529?
7
What is the hundred thousands digit of 710513851?
5
What is the thousands digit of 2952479109?
9
What is the tens digit of 50361372?
7
What is the ten millions digit of 30520853?
3
What is the thousands digit of 1021161463?
1
What is the ten millions digit of 319707990?
1
What is the millions digit of 75163638?
5
What is the ten thousands digit of 3323254181?
5
What is the hundreds digit of 1192121313?
3
What is the hundreds digit of 244703191?
1
What is the ten millions digit of 1198726879?
9
What is the units digit of 32892571?
1
What is the units digit of 61998515?
5
What is the ten thousands digit of 136286046?
8
What is the billions digit of 2950477324?
2
What is the thousands digit of 77125956?
5
What is the millions digit of 224501795?
4
What is the millions digit of 4751808472?
1
What is the tens digit of 81405416?
1
What is the ten millions digit of 379413849?
7
What is the hundreds digit of 2685766220?
2
What is the units digit of 228000873?
3
What is the ten millions digit of 173344656?
7
What is the ten thousands digit of 3779107?
7
What is the units digit of 134266654?
4
What is the units digit of 357329765?
5
What is the billions digit of 3225941498?
3
What is the hundred thousands digit of 241563885?
5
What is the units digit of 56351013?
3
What is the units digit of 1108143250?
0
What is the ten millions digit of 4629562278?
2
What is the units digit of 267815151?
1
What is the hundred millions digit of 7394441180?
3
What is the ten millions digit of 874733231?
7
What is the hundreds digit of 54158431?
4
What is the tens digit of 9262263?
6
What is the tens digit of 424456427?
2
What is the hundred thousands digit of 751628573?
6
What is the hundred thousands digit of 157049305?
0
What is the ten millions digit of 1157558870?
5
What is the hundred millions digit of 768866463?
7
What is the ten thousands digit of 4189557136?
5
What is the hundreds digit of 500816716?
7
What is the tens digit of 444187096?
9
What is the ten millions digit of 238770607?
3
What is the ten millions digit of 7699720134?
9
What is the ten millions digit of 1028964333?
2
What is the tens digit of 31864465?
6
What is the hundred millions digit of 126931709?
1
What is the units digit of 355275921?
1
What is the hundred millions digit of 767430267?
7
What is the hundred thousands digit of 2172526413?
5
What is the ten thousands digit of 440751793?
5
What is the ten thousands digit of 44530148?
3
What is the hundreds digit of 5150769620?
6
What is the ten millions digit of 31985771?
3
What is the hundred millions digit of 3065336778?
0
What is the millions digit of 1424330?
1
What is the hundred thousands digit of 3485684785?
6
What is the hundreds digit of 179014391?
3
What is the hundred millions digit of 127621266?
1
What is the units digit of 273958638?
8
What is the hundred thousands digit of 1444267342?
2
What is the millions digit of 1505656459?
5
What is the tens digit of 602073140?
4
What is the hundred millions digit of 790970240?
7
What is the units digit of 336561509?
9
What is the ten thousands digit of 674061043?
6
What is the thousands digit of 331928754?
8
What is the units digit of 72880555?
5
What is the tens digit of 32595479?
7
What is the billions digit of 5215083878?
5
What is the tens digit of 13366477?
7
What is the hundred millions digit of 154136920?
1
What is the thousands digit of 1561040378?
0
What is the hundreds digit of 290070241?
2
What is the hundred thousands digit of 6214981017?
9
What is the ten millions digit of 543958836?
4
What is the hundred millions digit of 136213150?
1
What is the ten thousands digit of 48274139?
7
What is the ten millions digit of 1241574775?
4
What is the thousands digit of 234241676?
1
What is the millions digit of 144127024?
4
What is the thousands digit of 14806523?
6
What is the hundred thousands digit of 899988906?
9
What is the thousands digit of 2592433952?
3
What is the hundred millions digit of 2136473151?
1
What is the millions digit of 53946520?
3
What is the hundred thousands digit of 63126960?
1
What is the thousands digit of 70567041?
7
What is the ten thousands digit of 67423234?
2
What is the ten millions digit of 221888042?
2
What is the hundred millions digit of 491913569?
4
What is the ten millions digit of 51247570?
5
What is the ten thousands digit of 38568132?
6
What is the hundreds digit of 248161148?
1
What is the hundred thousands digit of 164030347?
0
What is the tens digit of 135230315?
1
What is the units digit of 3284023318?
8
What is the tens digit of 3271713040?
4
What is the ten millions digit of 142549085?
4
What is the millions digit of 661115379?
1
What is the units digit of 62402275?
5
What is the ten millions digit of 166937249?
6
